{"id":5572,"date":"2022-01-23T14:00:28","date_gmt":"2022-01-23T12:00:28","guid":{"rendered":"https:\/\/leenek.com\/kloon\/?post_type=product&#038;p=5572"},"modified":"2022-08-03T17:38:01","modified_gmt":"2022-08-03T14:38:01","slug":"kaekott-lumehelves-vaike-lilleline-hall","status":"publish","type":"product","link":"https:\/\/leenek.com\/kloon\/product\/kaekott-lumehelves-vaike-lilleline-hall\/","title":{"rendered":"K\u00e4ekott Lumehelves v\u00e4ike &#8211; lilleline\/hall"},"content":{"rendered":"<p>K\u00e4ekott Lumehelves on valmistatud h\u00e4sti armsast lillelisest kunstnahast. K\u00e4ekott on armsalt v\u00e4ike, mahutab just k\u00f5ige vajalikuma &#8211; rahakott, telefon, m\u00e4rkmik jm v\u00e4iksemad asjad. Koti p\u00f5hjas on kotijalad, sees on \u00fcks lukuga tasku ja \u00fcks lukuta tasku. Kotiga on kaasas eemaldatav reguleeritava pikkusega \u00f5larihm. Kott on struktuurilt tugev, st kott seisab t\u00fchjana p\u00fcsti ja hoiab oma kuju.<\/p>\n<p>M\u00f5\u00f5dud:<\/p>\n<ul>\n<li>p\u00f5hja laius 24 cm<\/li>\n<li>p\u00f5hja s\u00fcgavus 8 cm<\/li>\n<li>k\u00f5rgus 21 cm<\/li>\n<li>k\u00e4epidemed 27 cm<\/li>\n<\/ul>\n<p>Materjalid:<\/p>\n<ul>\n<li>kunstnahk<\/li>\n<li>veekindel pol\u00fcesterkangas<\/li>\n<\/ul>\n","protected":false},"excerpt":{"rendered":"<p>M\u00f5\u00f5dud:<\/p>\n<ul>\n<li>p\u00f5hja laius 24 cm<\/li>\n<li>p\u00f5hja s\u00fcgavus 8 cm<\/li>\n<li>k\u00f5rgus 21 cm<\/li>\n<li>k\u00e4epidemed 27 cm<\/li>\n<\/ul>\n","protected":false},"featured_media":5583,"comment_status":"open","ping_status":"closed","template":"","meta":{"site-sidebar-layout":"default","site-content-layout":"default","ast-global-header-display":"","ast-main-header-display":"","ast-hfb-above-header-display":"","ast-hfb-below-header-display":"","ast-hfb-mobile-header-display":"","site-post-title":"","ast-breadcrumbs-content":"","ast-featured-img":"","footer-sml-layout":"","theme-transparent-header-meta":"","adv-header-id-meta":"","stick-header-meta":"","header-above-stick-meta":"","header-main-stick-meta":"","header-below-stick-meta":""},"product_cat":[93,34],"product_tag":[64,55,47],"class_list":["post-5572","product","type-product","status-publish","has-post-thumbnail","hentry","product_cat-eritellimus","product_cat-kae-ja-olakotid","product_tag-hall","product_tag-lilleline","product_tag-nikkel","desktop-align-left","tablet-align-left","mobile-align-left"],"yoast_head":"<!-- This site is optimized with the Yoast SEO plugin v27.5 - https:\/\/yoast.com\/product\/yoast-seo-wordpress\/ -->\n<title>K\u00e4ekott Lumehelves v\u00e4ike - lilleline\/hall - Leenek k\u00e4sit\u00f6\u00f6kotid<\/title>\n<meta name=\"robots\" content=\"index, follow, max-snippet:-1, max-image-preview:large, max-video-preview:-1\" \/>\n<link rel=\"canonical\" href=\"https:\/\/leenek.com\/kloon\/product\/kaekott-lumehelves-vaike-lilleline-hall\/\" \/>\n<meta property=\"og:locale\" content=\"et_EE\" \/>\n<meta property=\"og:type\" content=\"article\" \/>\n<meta property=\"og:title\" content=\"K\u00e4ekott Lumehelves v\u00e4ike - lilleline\/hall - Leenek k\u00e4sit\u00f6\u00f6kotid\" \/>\n<meta property=\"og:description\" content=\"M\u00f5\u00f5dud:   p\u00f5hja laius 24 cm  p\u00f5hja s\u00fcgavus 8 cm  k\u00f5rgus 21 cm  k\u00e4epidemed 27 cm\" \/>\n<meta property=\"og:url\" content=\"https:\/\/leenek.com\/kloon\/product\/kaekott-lumehelves-vaike-lilleline-hall\/\" \/>\n<meta property=\"og:site_name\" content=\"Leenek k\u00e4sit\u00f6\u00f6kotid\" \/>\n<meta property=\"article:modified_time\" content=\"2022-08-03T14:38:01+00:00\" \/>\n<meta property=\"og:image\" content=\"https:\/\/leenek.com\/kloon\/wp-content\/uploads\/2022\/01\/PhotoRoom-20220123_123627.png\" \/>\n\t<meta property=\"og:image:width\" content=\"1080\" \/>\n\t<meta property=\"og:image:height\" content=\"1080\" \/>\n\t<meta property=\"og:image:type\" content=\"image\/png\" \/>\n<meta name=\"twitter:card\" content=\"summary_large_image\" \/>\n<script type=\"application\/ld+json\" class=\"yoast-schema-graph\">{\"@context\":\"https:\\\/\\\/schema.org\",\"@graph\":[{\"@type\":\"WebPage\",\"@id\":\"https:\\\/\\\/leenek.com\\\/kloon\\\/product\\\/kaekott-lumehelves-vaike-lilleline-hall\\\/\",\"url\":\"https:\\\/\\\/leenek.com\\\/kloon\\\/product\\\/kaekott-lumehelves-vaike-lilleline-hall\\\/\",\"name\":\"K\u00e4ekott Lumehelves v\u00e4ike - lilleline\\\/hall - Leenek k\u00e4sit\u00f6\u00f6kotid\",\"isPartOf\":{\"@id\":\"https:\\\/\\\/leenek.com\\\/kloon\\\/#website\"},\"primaryImageOfPage\":{\"@id\":\"https:\\\/\\\/leenek.com\\\/kloon\\\/product\\\/kaekott-lumehelves-vaike-lilleline-hall\\\/#primaryimage\"},\"image\":{\"@id\":\"https:\\\/\\\/leenek.com\\\/kloon\\\/product\\\/kaekott-lumehelves-vaike-lilleline-hall\\\/#primaryimage\"},\"thumbnailUrl\":\"https:\\\/\\\/leenek.com\\\/kloon\\\/wp-content\\\/uploads\\\/2022\\\/01\\\/PhotoRoom-20220123_123627.png\",\"datePublished\":\"2022-01-23T12:00:28+00:00\",\"dateModified\":\"2022-08-03T14:38:01+00:00\",\"breadcrumb\":{\"@id\":\"https:\\\/\\\/leenek.com\\\/kloon\\\/product\\\/kaekott-lumehelves-vaike-lilleline-hall\\\/#breadcrumb\"},\"inLanguage\":\"et\",\"potentialAction\":[{\"@type\":\"ReadAction\",\"target\":[\"https:\\\/\\\/leenek.com\\\/kloon\\\/product\\\/kaekott-lumehelves-vaike-lilleline-hall\\\/\"]}]},{\"@type\":\"ImageObject\",\"inLanguage\":\"et\",\"@id\":\"https:\\\/\\\/leenek.com\\\/kloon\\\/product\\\/kaekott-lumehelves-vaike-lilleline-hall\\\/#primaryimage\",\"url\":\"https:\\\/\\\/leenek.com\\\/kloon\\\/wp-content\\\/uploads\\\/2022\\\/01\\\/PhotoRoom-20220123_123627.png\",\"contentUrl\":\"https:\\\/\\\/leenek.com\\\/kloon\\\/wp-content\\\/uploads\\\/2022\\\/01\\\/PhotoRoom-20220123_123627.png\",\"width\":1080,\"height\":1080,\"caption\":\"Lumehelves lilleline\"},{\"@type\":\"BreadcrumbList\",\"@id\":\"https:\\\/\\\/leenek.com\\\/kloon\\\/product\\\/kaekott-lumehelves-vaike-lilleline-hall\\\/#breadcrumb\",\"itemListElement\":[{\"@type\":\"ListItem\",\"position\":1,\"name\":\"Home\",\"item\":\"https:\\\/\\\/leenek.com\\\/kloon\\\/\"},{\"@type\":\"ListItem\",\"position\":2,\"name\":\"Pood\",\"item\":\"https:\\\/\\\/leenek.com\\\/kloon\\\/pood\\\/\"},{\"@type\":\"ListItem\",\"position\":3,\"name\":\"K\u00e4ekott Lumehelves v\u00e4ike &#8211; lilleline\\\/hall\"}]},{\"@type\":\"WebSite\",\"@id\":\"https:\\\/\\\/leenek.com\\\/kloon\\\/#website\",\"url\":\"https:\\\/\\\/leenek.com\\\/kloon\\\/\",\"name\":\"Leenek k\u00e4sit\u00f6\u00f6kotid\",\"description\":\"K\u00e4sti\u00f6\u00f6na valminud kotid ja palju muud\",\"publisher\":{\"@id\":\"https:\\\/\\\/leenek.com\\\/kloon\\\/#organization\"},\"potentialAction\":[{\"@type\":\"SearchAction\",\"target\":{\"@type\":\"EntryPoint\",\"urlTemplate\":\"https:\\\/\\\/leenek.com\\\/kloon\\\/?s={search_term_string}\"},\"query-input\":{\"@type\":\"PropertyValueSpecification\",\"valueRequired\":true,\"valueName\":\"search_term_string\"}}],\"inLanguage\":\"et\"},{\"@type\":\"Organization\",\"@id\":\"https:\\\/\\\/leenek.com\\\/kloon\\\/#organization\",\"name\":\"Leenek k\u00e4sit\u00f6\u00f6kotid\",\"url\":\"https:\\\/\\\/leenek.com\\\/kloon\\\/\",\"logo\":{\"@type\":\"ImageObject\",\"inLanguage\":\"et\",\"@id\":\"https:\\\/\\\/leenek.com\\\/kloon\\\/#\\\/schema\\\/logo\\\/image\\\/\",\"url\":\"https:\\\/\\\/leenek.com\\\/kloon\\\/wp-content\\\/uploads\\\/2021\\\/09\\\/namelogo-lght-grad-transp-3.png\",\"contentUrl\":\"https:\\\/\\\/leenek.com\\\/kloon\\\/wp-content\\\/uploads\\\/2021\\\/09\\\/namelogo-lght-grad-transp-3.png\",\"width\":987,\"height\":307,\"caption\":\"Leenek k\u00e4sit\u00f6\u00f6kotid\"},\"image\":{\"@id\":\"https:\\\/\\\/leenek.com\\\/kloon\\\/#\\\/schema\\\/logo\\\/image\\\/\"}}]}<\/script>\n<!-- \/ Yoast SEO plugin. -->","yoast_head_json":{"title":"K\u00e4ekott Lumehelves v\u00e4ike - lilleline\/hall - Leenek k\u00e4sit\u00f6\u00f6kotid","robots":{"index":"index","follow":"follow","max-snippet":"max-snippet:-1","max-image-preview":"max-image-preview:large","max-video-preview":"max-video-preview:-1"},"canonical":"https:\/\/leenek.com\/kloon\/product\/kaekott-lumehelves-vaike-lilleline-hall\/","og_locale":"et_EE","og_type":"article","og_title":"K\u00e4ekott Lumehelves v\u00e4ike - lilleline\/hall - Leenek k\u00e4sit\u00f6\u00f6kotid","og_description":"M\u00f5\u00f5dud:   p\u00f5hja laius 24 cm  p\u00f5hja s\u00fcgavus 8 cm  k\u00f5rgus 21 cm  k\u00e4epidemed 27 cm","og_url":"https:\/\/leenek.com\/kloon\/product\/kaekott-lumehelves-vaike-lilleline-hall\/","og_site_name":"Leenek k\u00e4sit\u00f6\u00f6kotid","article_modified_time":"2022-08-03T14:38:01+00:00","og_image":[{"width":1080,"height":1080,"url":"https:\/\/leenek.com\/kloon\/wp-content\/uploads\/2022\/01\/PhotoRoom-20220123_123627.png","type":"image\/png"}],"twitter_card":"summary_large_image","schema":{"@context":"https:\/\/schema.org","@graph":[{"@type":"WebPage","@id":"https:\/\/leenek.com\/kloon\/product\/kaekott-lumehelves-vaike-lilleline-hall\/","url":"https:\/\/leenek.com\/kloon\/product\/kaekott-lumehelves-vaike-lilleline-hall\/","name":"K\u00e4ekott Lumehelves v\u00e4ike - lilleline\/hall - Leenek k\u00e4sit\u00f6\u00f6kotid","isPartOf":{"@id":"https:\/\/leenek.com\/kloon\/#website"},"primaryImageOfPage":{"@id":"https:\/\/leenek.com\/kloon\/product\/kaekott-lumehelves-vaike-lilleline-hall\/#primaryimage"},"image":{"@id":"https:\/\/leenek.com\/kloon\/product\/kaekott-lumehelves-vaike-lilleline-hall\/#primaryimage"},"thumbnailUrl":"https:\/\/leenek.com\/kloon\/wp-content\/uploads\/2022\/01\/PhotoRoom-20220123_123627.png","datePublished":"2022-01-23T12:00:28+00:00","dateModified":"2022-08-03T14:38:01+00:00","breadcrumb":{"@id":"https:\/\/leenek.com\/kloon\/product\/kaekott-lumehelves-vaike-lilleline-hall\/#breadcrumb"},"inLanguage":"et","potentialAction":[{"@type":"ReadAction","target":["https:\/\/leenek.com\/kloon\/product\/kaekott-lumehelves-vaike-lilleline-hall\/"]}]},{"@type":"ImageObject","inLanguage":"et","@id":"https:\/\/leenek.com\/kloon\/product\/kaekott-lumehelves-vaike-lilleline-hall\/#primaryimage","url":"https:\/\/leenek.com\/kloon\/wp-content\/uploads\/2022\/01\/PhotoRoom-20220123_123627.png","contentUrl":"https:\/\/leenek.com\/kloon\/wp-content\/uploads\/2022\/01\/PhotoRoom-20220123_123627.png","width":1080,"height":1080,"caption":"Lumehelves lilleline"},{"@type":"BreadcrumbList","@id":"https:\/\/leenek.com\/kloon\/product\/kaekott-lumehelves-vaike-lilleline-hall\/#breadcrumb","itemListElement":[{"@type":"ListItem","position":1,"name":"Home","item":"https:\/\/leenek.com\/kloon\/"},{"@type":"ListItem","position":2,"name":"Pood","item":"https:\/\/leenek.com\/kloon\/pood\/"},{"@type":"ListItem","position":3,"name":"K\u00e4ekott Lumehelves v\u00e4ike &#8211; lilleline\/hall"}]},{"@type":"WebSite","@id":"https:\/\/leenek.com\/kloon\/#website","url":"https:\/\/leenek.com\/kloon\/","name":"Leenek k\u00e4sit\u00f6\u00f6kotid","description":"K\u00e4sti\u00f6\u00f6na valminud kotid ja palju muud","publisher":{"@id":"https:\/\/leenek.com\/kloon\/#organization"},"potentialAction":[{"@type":"SearchAction","target":{"@type":"EntryPoint","urlTemplate":"https:\/\/leenek.com\/kloon\/?s={search_term_string}"},"query-input":{"@type":"PropertyValueSpecification","valueRequired":true,"valueName":"search_term_string"}}],"inLanguage":"et"},{"@type":"Organization","@id":"https:\/\/leenek.com\/kloon\/#organization","name":"Leenek k\u00e4sit\u00f6\u00f6kotid","url":"https:\/\/leenek.com\/kloon\/","logo":{"@type":"ImageObject","inLanguage":"et","@id":"https:\/\/leenek.com\/kloon\/#\/schema\/logo\/image\/","url":"https:\/\/leenek.com\/kloon\/wp-content\/uploads\/2021\/09\/namelogo-lght-grad-transp-3.png","contentUrl":"https:\/\/leenek.com\/kloon\/wp-content\/uploads\/2021\/09\/namelogo-lght-grad-transp-3.png","width":987,"height":307,"caption":"Leenek k\u00e4sit\u00f6\u00f6kotid"},"image":{"@id":"https:\/\/leenek.com\/kloon\/#\/schema\/logo\/image\/"}}]}},"_links":{"self":[{"href":"https:\/\/leenek.com\/kloon\/wp-json\/wp\/v2\/product\/5572","targetHints":{"allow":["GET"]}}],"collection":[{"href":"https:\/\/leenek.com\/kloon\/wp-json\/wp\/v2\/product"}],"about":[{"href":"https:\/\/leenek.com\/kloon\/wp-json\/wp\/v2\/types\/product"}],"replies":[{"embeddable":true,"href":"https:\/\/leenek.com\/kloon\/wp-json\/wp\/v2\/comments?post=5572"}],"version-history":[{"count":1,"href":"https:\/\/leenek.com\/kloon\/wp-json\/wp\/v2\/product\/5572\/revisions"}],"predecessor-version":[{"id":5584,"href":"https:\/\/leenek.com\/kloon\/wp-json\/wp\/v2\/product\/5572\/revisions\/5584"}],"wp:featuredmedia":[{"embeddable":true,"href":"https:\/\/leenek.com\/kloon\/wp-json\/wp\/v2\/media\/5583"}],"wp:attachment":[{"href":"https:\/\/leenek.com\/kloon\/wp-json\/wp\/v2\/media?parent=5572"}],"wp:term":[{"taxonomy":"product_cat","embeddable":true,"href":"https:\/\/leenek.com\/kloon\/wp-json\/wp\/v2\/product_cat?post=5572"},{"taxonomy":"product_tag","embeddable":true,"href":"https:\/\/leenek.com\/kloon\/wp-json\/wp\/v2\/product_tag?post=5572"}],"curies":[{"name":"wp","href":"https:\/\/api.w.org\/{rel}","templated":true}]}}