{"id":5403,"date":"2021-11-30T18:50:46","date_gmt":"2021-11-30T16:50:46","guid":{"rendered":"https:\/\/leenek.com\/kloon\/?post_type=product&#038;p=5403"},"modified":"2022-08-03T17:53:37","modified_gmt":"2022-08-03T14:53:37","slug":"kosmeetikakott-peek-a-boo-tumepunane-hobedane","status":"publish","type":"product","link":"https:\/\/leenek.com\/kloon\/product\/kosmeetikakott-peek-a-boo-tumepunane-hobedane\/","title":{"rendered":"Kosmeetikakott Peek-A-Boo &#8211; tumepunane\/h\u00f5bedane"},"content":{"rendered":"<p>See avar kosmeetikakott on saadaval kahes m\u00f5\u00f5dus. Suur on n\u00e4iteks v\u00e4ga hea reisile v\u00f5tmiseks, v\u00e4ike n\u00e4iteks igap\u00e4evaste kosmeetikatoodete kaasa v\u00f5tmiseks v\u00f5i kodus kasutamiseks. N\u00e4evad uhked v\u00e4lja, kindlasti on kaunistuseks igale meigilauale. \ud83d\ude42 Vooder valmistatud veekindlast pol\u00fcesterkangast, mida on hea puhastada.<\/p>\n<p>M\u00f5\u00f5dud (laius \u00fcleval servas x k\u00f5rgus x p\u00f5hja laius x p\u00f5hja s\u00fcgavus):<\/p>\n<p>V\u00e4ike &#8211; 27 x 14 x 18 x 9 cm<\/p>\n<p>Suur &#8211; 33 x 18 x 22 x 12 cm<\/p>\n<p>Materjalid:<\/p>\n<ul>\n<li>kunstnahk<\/li>\n<li>vooder veekindlast pol\u00fcesterkangast<\/li>\n<\/ul>\n","protected":false},"excerpt":{"rendered":"<p>M\u00f5\u00f5dud (laius \u00fcleval servas x k\u00f5rgus x p\u00f5hja laius x p\u00f5hja s\u00fcgavus):<\/p>\n<p>V\u00e4ike &#8211; 27 x 14 x 18 x 9 cm<\/p>\n<p>Suur &#8211; 33 x 18 x 22 x 12 cm<\/p>\n","protected":false},"featured_media":5420,"comment_status":"open","ping_status":"closed","template":"","meta":{"site-sidebar-layout":"default","site-content-layout":"default","ast-global-header-display":"","ast-main-header-display":"","ast-hfb-above-header-display":"","ast-hfb-below-header-display":"","ast-hfb-mobile-header-display":"","site-post-title":"","ast-breadcrumbs-content":"","ast-featured-img":"","footer-sml-layout":"","theme-transparent-header-meta":"default","adv-header-id-meta":"","stick-header-meta":"","header-above-stick-meta":"","header-main-stick-meta":"","header-below-stick-meta":""},"product_cat":[82],"product_tag":[],"class_list":["post-5403","product","type-product","status-publish","has-post-thumbnail","hentry","product_cat-kosmeetikakotid","desktop-align-left","tablet-align-left","mobile-align-left"],"yoast_head":"<!-- This site is optimized with the Yoast SEO plugin v27.5 - https:\/\/yoast.com\/product\/yoast-seo-wordpress\/ -->\n<title>Kosmeetikakott Peek-A-Boo - tumepunane\/h\u00f5bedane - Leenek k\u00e4sit\u00f6\u00f6kotid<\/title>\n<meta name=\"robots\" content=\"index, follow, max-snippet:-1, max-image-preview:large, max-video-preview:-1\" \/>\n<link rel=\"canonical\" href=\"https:\/\/leenek.com\/kloon\/product\/kosmeetikakott-peek-a-boo-tumepunane-hobedane\/\" \/>\n<meta property=\"og:locale\" content=\"et_EE\" \/>\n<meta property=\"og:type\" content=\"article\" \/>\n<meta property=\"og:title\" content=\"Kosmeetikakott Peek-A-Boo - tumepunane\/h\u00f5bedane - Leenek k\u00e4sit\u00f6\u00f6kotid\" \/>\n<meta property=\"og:description\" content=\"M\u00f5\u00f5dud (laius \u00fcleval servas x k\u00f5rgus x p\u00f5hja laius x p\u00f5hja s\u00fcgavus):  V\u00e4ike - 27 x 14 x 18 x 9 cm  Suur - 33 x 18 x 22 x 12 cm\" \/>\n<meta property=\"og:url\" content=\"https:\/\/leenek.com\/kloon\/product\/kosmeetikakott-peek-a-boo-tumepunane-hobedane\/\" \/>\n<meta property=\"og:site_name\" content=\"Leenek k\u00e4sit\u00f6\u00f6kotid\" \/>\n<meta property=\"article:modified_time\" content=\"2022-08-03T14:53:37+00:00\" \/>\n<meta property=\"og:image\" content=\"https:\/\/leenek.com\/kloon\/wp-content\/uploads\/2021\/11\/PhotoRoom-20211130_181249.png\" \/>\n\t<meta property=\"og:image:width\" content=\"1080\" \/>\n\t<meta property=\"og:image:height\" content=\"1080\" \/>\n\t<meta property=\"og:image:type\" content=\"image\/png\" \/>\n<meta name=\"twitter:card\" content=\"summary_large_image\" \/>\n<script type=\"application\/ld+json\" class=\"yoast-schema-graph\">{\"@context\":\"https:\\\/\\\/schema.org\",\"@graph\":[{\"@type\":\"WebPage\",\"@id\":\"https:\\\/\\\/leenek.com\\\/kloon\\\/product\\\/kosmeetikakott-peek-a-boo-tumepunane-hobedane\\\/\",\"url\":\"https:\\\/\\\/leenek.com\\\/kloon\\\/product\\\/kosmeetikakott-peek-a-boo-tumepunane-hobedane\\\/\",\"name\":\"Kosmeetikakott Peek-A-Boo - tumepunane\\\/h\u00f5bedane - Leenek k\u00e4sit\u00f6\u00f6kotid\",\"isPartOf\":{\"@id\":\"https:\\\/\\\/leenek.com\\\/kloon\\\/#website\"},\"primaryImageOfPage\":{\"@id\":\"https:\\\/\\\/leenek.com\\\/kloon\\\/product\\\/kosmeetikakott-peek-a-boo-tumepunane-hobedane\\\/#primaryimage\"},\"image\":{\"@id\":\"https:\\\/\\\/leenek.com\\\/kloon\\\/product\\\/kosmeetikakott-peek-a-boo-tumepunane-hobedane\\\/#primaryimage\"},\"thumbnailUrl\":\"https:\\\/\\\/leenek.com\\\/kloon\\\/wp-content\\\/uploads\\\/2021\\\/11\\\/PhotoRoom-20211130_181249.png\",\"datePublished\":\"2021-11-30T16:50:46+00:00\",\"dateModified\":\"2022-08-03T14:53:37+00:00\",\"breadcrumb\":{\"@id\":\"https:\\\/\\\/leenek.com\\\/kloon\\\/product\\\/kosmeetikakott-peek-a-boo-tumepunane-hobedane\\\/#breadcrumb\"},\"inLanguage\":\"et\",\"potentialAction\":[{\"@type\":\"ReadAction\",\"target\":[\"https:\\\/\\\/leenek.com\\\/kloon\\\/product\\\/kosmeetikakott-peek-a-boo-tumepunane-hobedane\\\/\"]}]},{\"@type\":\"ImageObject\",\"inLanguage\":\"et\",\"@id\":\"https:\\\/\\\/leenek.com\\\/kloon\\\/product\\\/kosmeetikakott-peek-a-boo-tumepunane-hobedane\\\/#primaryimage\",\"url\":\"https:\\\/\\\/leenek.com\\\/kloon\\\/wp-content\\\/uploads\\\/2021\\\/11\\\/PhotoRoom-20211130_181249.png\",\"contentUrl\":\"https:\\\/\\\/leenek.com\\\/kloon\\\/wp-content\\\/uploads\\\/2021\\\/11\\\/PhotoRoom-20211130_181249.png\",\"width\":1080,\"height\":1080,\"caption\":\"Peek-A-Boo kosmeetikakott\"},{\"@type\":\"BreadcrumbList\",\"@id\":\"https:\\\/\\\/leenek.com\\\/kloon\\\/product\\\/kosmeetikakott-peek-a-boo-tumepunane-hobedane\\\/#breadcrumb\",\"itemListElement\":[{\"@type\":\"ListItem\",\"position\":1,\"name\":\"Home\",\"item\":\"https:\\\/\\\/leenek.com\\\/kloon\\\/\"},{\"@type\":\"ListItem\",\"position\":2,\"name\":\"Pood\",\"item\":\"https:\\\/\\\/leenek.com\\\/kloon\\\/pood\\\/\"},{\"@type\":\"ListItem\",\"position\":3,\"name\":\"Kosmeetikakott Peek-A-Boo &#8211; tumepunane\\\/h\u00f5bedane\"}]},{\"@type\":\"WebSite\",\"@id\":\"https:\\\/\\\/leenek.com\\\/kloon\\\/#website\",\"url\":\"https:\\\/\\\/leenek.com\\\/kloon\\\/\",\"name\":\"Leenek k\u00e4sit\u00f6\u00f6kotid\",\"description\":\"K\u00e4sti\u00f6\u00f6na valminud kotid ja palju muud\",\"publisher\":{\"@id\":\"https:\\\/\\\/leenek.com\\\/kloon\\\/#organization\"},\"potentialAction\":[{\"@type\":\"SearchAction\",\"target\":{\"@type\":\"EntryPoint\",\"urlTemplate\":\"https:\\\/\\\/leenek.com\\\/kloon\\\/?s={search_term_string}\"},\"query-input\":{\"@type\":\"PropertyValueSpecification\",\"valueRequired\":true,\"valueName\":\"search_term_string\"}}],\"inLanguage\":\"et\"},{\"@type\":\"Organization\",\"@id\":\"https:\\\/\\\/leenek.com\\\/kloon\\\/#organization\",\"name\":\"Leenek k\u00e4sit\u00f6\u00f6kotid\",\"url\":\"https:\\\/\\\/leenek.com\\\/kloon\\\/\",\"logo\":{\"@type\":\"ImageObject\",\"inLanguage\":\"et\",\"@id\":\"https:\\\/\\\/leenek.com\\\/kloon\\\/#\\\/schema\\\/logo\\\/image\\\/\",\"url\":\"https:\\\/\\\/leenek.com\\\/kloon\\\/wp-content\\\/uploads\\\/2021\\\/09\\\/namelogo-lght-grad-transp-3.png\",\"contentUrl\":\"https:\\\/\\\/leenek.com\\\/kloon\\\/wp-content\\\/uploads\\\/2021\\\/09\\\/namelogo-lght-grad-transp-3.png\",\"width\":987,\"height\":307,\"caption\":\"Leenek k\u00e4sit\u00f6\u00f6kotid\"},\"image\":{\"@id\":\"https:\\\/\\\/leenek.com\\\/kloon\\\/#\\\/schema\\\/logo\\\/image\\\/\"}}]}<\/script>\n<!-- \/ Yoast SEO plugin. -->","yoast_head_json":{"title":"Kosmeetikakott Peek-A-Boo - tumepunane\/h\u00f5bedane - Leenek k\u00e4sit\u00f6\u00f6kotid","robots":{"index":"index","follow":"follow","max-snippet":"max-snippet:-1","max-image-preview":"max-image-preview:large","max-video-preview":"max-video-preview:-1"},"canonical":"https:\/\/leenek.com\/kloon\/product\/kosmeetikakott-peek-a-boo-tumepunane-hobedane\/","og_locale":"et_EE","og_type":"article","og_title":"Kosmeetikakott Peek-A-Boo - tumepunane\/h\u00f5bedane - Leenek k\u00e4sit\u00f6\u00f6kotid","og_description":"M\u00f5\u00f5dud (laius \u00fcleval servas x k\u00f5rgus x p\u00f5hja laius x p\u00f5hja s\u00fcgavus):  V\u00e4ike - 27 x 14 x 18 x 9 cm  Suur - 33 x 18 x 22 x 12 cm","og_url":"https:\/\/leenek.com\/kloon\/product\/kosmeetikakott-peek-a-boo-tumepunane-hobedane\/","og_site_name":"Leenek k\u00e4sit\u00f6\u00f6kotid","article_modified_time":"2022-08-03T14:53:37+00:00","og_image":[{"width":1080,"height":1080,"url":"https:\/\/leenek.com\/kloon\/wp-content\/uploads\/2021\/11\/PhotoRoom-20211130_181249.png","type":"image\/png"}],"twitter_card":"summary_large_image","schema":{"@context":"https:\/\/schema.org","@graph":[{"@type":"WebPage","@id":"https:\/\/leenek.com\/kloon\/product\/kosmeetikakott-peek-a-boo-tumepunane-hobedane\/","url":"https:\/\/leenek.com\/kloon\/product\/kosmeetikakott-peek-a-boo-tumepunane-hobedane\/","name":"Kosmeetikakott Peek-A-Boo - tumepunane\/h\u00f5bedane - Leenek k\u00e4sit\u00f6\u00f6kotid","isPartOf":{"@id":"https:\/\/leenek.com\/kloon\/#website"},"primaryImageOfPage":{"@id":"https:\/\/leenek.com\/kloon\/product\/kosmeetikakott-peek-a-boo-tumepunane-hobedane\/#primaryimage"},"image":{"@id":"https:\/\/leenek.com\/kloon\/product\/kosmeetikakott-peek-a-boo-tumepunane-hobedane\/#primaryimage"},"thumbnailUrl":"https:\/\/leenek.com\/kloon\/wp-content\/uploads\/2021\/11\/PhotoRoom-20211130_181249.png","datePublished":"2021-11-30T16:50:46+00:00","dateModified":"2022-08-03T14:53:37+00:00","breadcrumb":{"@id":"https:\/\/leenek.com\/kloon\/product\/kosmeetikakott-peek-a-boo-tumepunane-hobedane\/#breadcrumb"},"inLanguage":"et","potentialAction":[{"@type":"ReadAction","target":["https:\/\/leenek.com\/kloon\/product\/kosmeetikakott-peek-a-boo-tumepunane-hobedane\/"]}]},{"@type":"ImageObject","inLanguage":"et","@id":"https:\/\/leenek.com\/kloon\/product\/kosmeetikakott-peek-a-boo-tumepunane-hobedane\/#primaryimage","url":"https:\/\/leenek.com\/kloon\/wp-content\/uploads\/2021\/11\/PhotoRoom-20211130_181249.png","contentUrl":"https:\/\/leenek.com\/kloon\/wp-content\/uploads\/2021\/11\/PhotoRoom-20211130_181249.png","width":1080,"height":1080,"caption":"Peek-A-Boo kosmeetikakott"},{"@type":"BreadcrumbList","@id":"https:\/\/leenek.com\/kloon\/product\/kosmeetikakott-peek-a-boo-tumepunane-hobedane\/#breadcrumb","itemListElement":[{"@type":"ListItem","position":1,"name":"Home","item":"https:\/\/leenek.com\/kloon\/"},{"@type":"ListItem","position":2,"name":"Pood","item":"https:\/\/leenek.com\/kloon\/pood\/"},{"@type":"ListItem","position":3,"name":"Kosmeetikakott Peek-A-Boo &#8211; tumepunane\/h\u00f5bedane"}]},{"@type":"WebSite","@id":"https:\/\/leenek.com\/kloon\/#website","url":"https:\/\/leenek.com\/kloon\/","name":"Leenek k\u00e4sit\u00f6\u00f6kotid","description":"K\u00e4sti\u00f6\u00f6na valminud kotid ja palju muud","publisher":{"@id":"https:\/\/leenek.com\/kloon\/#organization"},"potentialAction":[{"@type":"SearchAction","target":{"@type":"EntryPoint","urlTemplate":"https:\/\/leenek.com\/kloon\/?s={search_term_string}"},"query-input":{"@type":"PropertyValueSpecification","valueRequired":true,"valueName":"search_term_string"}}],"inLanguage":"et"},{"@type":"Organization","@id":"https:\/\/leenek.com\/kloon\/#organization","name":"Leenek k\u00e4sit\u00f6\u00f6kotid","url":"https:\/\/leenek.com\/kloon\/","logo":{"@type":"ImageObject","inLanguage":"et","@id":"https:\/\/leenek.com\/kloon\/#\/schema\/logo\/image\/","url":"https:\/\/leenek.com\/kloon\/wp-content\/uploads\/2021\/09\/namelogo-lght-grad-transp-3.png","contentUrl":"https:\/\/leenek.com\/kloon\/wp-content\/uploads\/2021\/09\/namelogo-lght-grad-transp-3.png","width":987,"height":307,"caption":"Leenek k\u00e4sit\u00f6\u00f6kotid"},"image":{"@id":"https:\/\/leenek.com\/kloon\/#\/schema\/logo\/image\/"}}]}},"_links":{"self":[{"href":"https:\/\/leenek.com\/kloon\/wp-json\/wp\/v2\/product\/5403","targetHints":{"allow":["GET"]}}],"collection":[{"href":"https:\/\/leenek.com\/kloon\/wp-json\/wp\/v2\/product"}],"about":[{"href":"https:\/\/leenek.com\/kloon\/wp-json\/wp\/v2\/types\/product"}],"replies":[{"embeddable":true,"href":"https:\/\/leenek.com\/kloon\/wp-json\/wp\/v2\/comments?post=5403"}],"version-history":[{"count":2,"href":"https:\/\/leenek.com\/kloon\/wp-json\/wp\/v2\/product\/5403\/revisions"}],"predecessor-version":[{"id":5423,"href":"https:\/\/leenek.com\/kloon\/wp-json\/wp\/v2\/product\/5403\/revisions\/5423"}],"wp:featuredmedia":[{"embeddable":true,"href":"https:\/\/leenek.com\/kloon\/wp-json\/wp\/v2\/media\/5420"}],"wp:attachment":[{"href":"https:\/\/leenek.com\/kloon\/wp-json\/wp\/v2\/media?parent=5403"}],"wp:term":[{"taxonomy":"product_cat","embeddable":true,"href":"https:\/\/leenek.com\/kloon\/wp-json\/wp\/v2\/product_cat?post=5403"},{"taxonomy":"product_tag","embeddable":true,"href":"https:\/\/leenek.com\/kloon\/wp-json\/wp\/v2\/product_tag?post=5403"}],"curies":[{"name":"wp","href":"https:\/\/api.w.org\/{rel}","templated":true}]}}